73
Calculate the remainder when 12509458 is divided by 18.
16
What is the remainder when 342281 is divided by 3680?
41
What is the remainder when 426910 is divided by 60979?
57
What is the remainder when 101302 is divided by 5844?
1954
What is the remainder when 265648 is divided by 2538?
1696
Calculate the remainder when 15837112 is divided by 538.
6
What is the remainder when 19272581 is divided by 6632?
6621
What is the remainder when 465986 is divided by 465463?
523
What is the remainder when 347358 is divided by 1356?
222
Calculate the remainder when 3018631 is divided by 105.
91
What is the remainder when 803112 is divided by 146?
112
What is the remainder when 31890 is divided by 3981?
42
What is the remainder when 225439469 is divided by 944?
941
Calculate the remainder when 12048739 is divided by 2321.
428
What is the remainder when 109218 is divided by 15593?
67
What is the remainder when 376650 is divided by 41798?
468
What is the remainder when 33577044 is divided by 195?
189
What is the remainder when 40111962 is divided by 573028?
2
Calculate the remainder when 980578 is divided by 3369.
199
Calculate the remainder when 113308 is divided by 1244.
104
Calculate the remainder when 919708 is divided by 83606.
42
Calculate the remainder when 182502 is divided by 3201.
45
Calculate the remainder when 96212 is divided by 691.
163
What is the remainder when 15572 is divided by 12236?
3336
Calculate the remainder when 1726305 is divided by 258.
27
What is the remainder when 1381398 is divided by 865?
858
What is the remainder when 22931588 is divided by 102832?
52
Calculate the remainder when 363573 is divided by 1976.
1965
What is the remainder when 838688821 is divided by 2413?
2411
What is the remainder when 12571648 is divided by 1575?
1573
Calculate the remainder when 56207591 is divided by 14051897.
3
What is the remainder when 760598 is divided by 5746?
2126
What is the remainder when 174856 is divided by 288?
40
What is the remainder when 3147290 is divided by 243?
197
Calculate the remainder when 1400105 is divided by 2357.
47
Calculate the remainder when 13056452 is divided by 334780.
32
Calculate the remainder when 222499 is divided by 31757.
200
Calculate the remainder when 2046971 is divided by 14214.
155
Calculate the remainder when 4409287 is divided by 15.
7
Calculate the remainder when 27396315 is divided by 481.
479
Calculate the remainder when 121342 is divided by 13471.
103
Calculate the remainder when 730001 is divided by 2684.
2637
What is the remainder when 16040542 is divided by 15?
7
Calculate the remainder when 1002727 is divided by 4076.
31
Calculate the remainder when 23054 is divided by 510.
104
What is the remainder when 340736 is divided by 1175?
1161
What is the remainder when 1924473 is divided by 398?
143
What is the remainder when 55193669 is divided by 1590?
1589
Calculate the remainder when 1625692 is divided by 18686.
10
Calculate the remainder when 143722 is divided by 139.
135
Calculate the remainder when 23527 is divided by 1587.
1309
What is the remainder when 7688995 is divided by 220?
215
Calculate the remainder when 4414 is divided by 1969.
476
What is the remainder when 403674 is divided by 134510?
144
What is the remainder when 2440767 is divided by 5485?
5427
Calculate the remainder when 10191137 is divided by 3397042.
11
Calculate the remainder when 19659 is divided by 9820.
19
What is the remainder when 108844296 is divided by 12260?
16
Calculate the remainder when 90454 is divided by 3344.
166
What is the remainder when 1191318 is divided by 7445?
118
Calculate the remainder when 6734 is divided by 203.
35
Calculate the remainder when 8414431 is divided by 350601.
7
Calculate the remainder when 2796257 is divided by 74.
19
Calculate the remainder when 406162 is divided by 286.
42
What is the remainder when 540334 is divided by 1344?
46
What is the remainder when 6864106 is divided by 582?
580
What is the remainder when 72102 is divided by 24028?
18
Calculate the remainder when 34207 is divided by 1672.
767
What is the remainder when 4075875 is divided by 13?
11
What is the remainder when 42960378 is divided by 414?
12
What is the remainder when 12040918 is divided by 211?
203
Calculate the remainder when 16102577 is divided by 18424.
1
What is the remainder when 70898 is divided by 13515?
3323
Calculate the remainder when 60074 is divided by 580.
334
What is the remainder when 30398381 is divided by 284097?
2
Calculate the remainder when 318635 is divided by 128.
43
Calculate the remainder when 55010 is divided by 3653.
215
Calculate the remainder when 1010954 is divided by 2197.
334
Calculate the remainder when 1400347836 is divided by 31.
26
What is the remainder when 1079388 is divided by 115?
113
Calculate the remainder when 1089439 is divided by 272354.
23
Calculate the remainder when 26346 is divided by 4367.
144
Calculate the remainder when 40733722 is divided by 2871.
2845
Calculate the remainder when 15264517 is divided by 273.
268
What is the remainder when 374943 is divided by 31103?
1707
What is the remainder when 56149 is divided by 1700?
49
Calculate the remainder when 38389747 is divided by 206.
205
What is the remainder when 926784 is divided by 463221?
342
What is the remainder when 492050 is divided by 122666?
1386
Calculate the remainder when 3153724 is divided by 73342.
18
What is the remainder when 383042301 is divided by 1208?
1205
Calculate the remainder when 4924586 is divided by 4924580.
6
What is the remainder when 301568 is divided by 12565?
8
What is the remainder when 175115595 is divided by 58371860?
15
What is the remainder when 500730494 is divided by 2416?
2414
Calculate the remainder when 1126248 is divided by 7228.
5908
What is the remainder when 408844 is divided by 4769?
3479
What is the remainder when 106180802 is divided by 9461?
9460
Calculate the remainder when 23751636 is divided by 93.
87
Calculate the remainder when 1963102 is divided by 1963086.
16
Calculate the remainder when 2134909 is divided by 3946.
123
What is the remainder when 1847327 is divided by 38?
33
What is the remainder when 2345742 is divided by 16998?
18
Calculate the remainder when 26871973 is divided by 790352.
5
What is the remainder when 74929 is divided by 14966?
99
Calculate the remainder when 67946 is divided by 64914.
3032
What is the remainder when 350701 is divided by 1745?
1701
Calculate the remainder when 1033357 is divided by 1502.
1483
Calculate the remainder when 8130665 is divided by 7266.
11
What is the remainder when 10731413 is divided by 37?
7
What is the remainder when 3012610 is divided by 24?
10
What is the remainder when 1276194 is divided by 1560?
114
What is the remainder when 11994210 is divided by 2763?
27
Calculate the remainder when 781973 is divided by 5075.
423
Calculate the remainder when 2378885 is divided by 15.
5
What is the remainder when 519242 is divided by 234?
230
Calculate the remainder when 89203 is divided by 84.
79
Calculate the remainder when 13699986 is divided by 517.
3
Calculate the remainder when 30545 is divided by 2986.
685
Calculate the remainder when 33194371 is divided by 3688259.
40
Calculate the remainder when 2798073484 is divided by 815.
814
Calculate the remainder when 356753 is divided by 619.
209
Calculate the remainder when 459665252 is divided by 366.
362
What is the remainder when 1139187297 is divided by 265?
262
What is the remainder when 901682 is divided by 7?
5
What is the remainder when 81192 is divided by 11323?
1931
What is the remainder when 5923995 is divided by 587?
578
What is the remainder when 408399 is divided by 636?
87
Calculate the remainder when 144531 is divided by 748.
167
What is the remainder when 38739720 is divided by 19369848?
24
What is the remainder when 3676202 is divided by 126759?
191
What is the remainder when 2395973 is divided by 596?
53
What is the remainder when 739438 is divided by 369030?
1378
Calculate the remainder when 17803753 is divided by 294.
289
Calculate the remainder when 196102773 is divided by 236.
225
Calculate the remainder when 20591663 is divided by 106.
103
What is the remainder when 24273959 is divided by 51?
50
What is the remainder when 14546487 is di